{"id":7,"date":"2018-04-17T18:50:35","date_gmt":"2018-04-17T16:50:35","guid":{"rendered":"http:\/\/ce.ligiergroup.fr\/?page_id=7"},"modified":"2025-11-04T11:48:48","modified_gmt":"2025-11-04T10:48:48","slug":"accueil","status":"publish","type":"page","link":"https:\/\/ce-abrest.ligiergroup.com\/","title":{"rendered":"Accueil"},"content":{"rendered":"<p class=\"font_7\" style=\"text-align: center;\">Bienvenue \u00e0 toutes et tous sur le nouveau site internet de votre Comit\u00e9 d&rsquo;Entreprise du site d&rsquo;Abrest.<\/p>\n<p class=\"font_7\" style=\"text-align: center;\">Ce nouvel outils va nous permettre de nous am\u00e9liorer dans la communication et vous permettra de vous informer sur la billetterie, sur nos partenaires et sur les futurs \u00e9ventements.<\/p>\n<p class=\"font_7\" style=\"text-align: center;\">Cela ne remplace en aucun cas les \u00e9changes que vous pouvez avoir avec les \u00e9lus<\/p>\n\n\n<p><\/p>\n","protected":false},"excerpt":{"rendered":"<p>Bienvenue \u00e0 toutes et tous sur le nouveau site internet de votre Comit\u00e9 d&rsquo;Entreprise du site d&rsquo;Abrest. Ce nouvel outils va nous permettre de nous am\u00e9liorer dans la communication et vous permettra de vous informer sur la billetterie, sur nos partenaires et sur les futurs \u00e9ventements. Cela ne remplace en aucun cas les \u00e9changes que [&hellip;]<\/p>\n","protected":false},"author":1,"featured_media":0,"parent":0,"menu_order":0,"comment_status":"closed","ping_status":"closed","template":"","meta":{"footnotes":""},"class_list":["post-7","page","type-page","status-publish","czr-hentry"],"_links":{"self":[{"href":"https:\/\/ce-abrest.ligiergroup.com\/index.php\/wp-json\/wp\/v2\/pages\/7","targetHints":{"allow":["GET"]}}],"collection":[{"href":"https:\/\/ce-abrest.ligiergroup.com\/index.php\/wp-json\/wp\/v2\/pages"}],"about":[{"href":"https:\/\/ce-abrest.ligiergroup.com\/index.php\/wp-json\/wp\/v2\/types\/page"}],"author":[{"embeddable":true,"href":"https:\/\/ce-abrest.ligiergroup.com\/index.php\/wp-json\/wp\/v2\/users\/1"}],"replies":[{"embeddable":true,"href":"https:\/\/ce-abrest.ligiergroup.com\/index.php\/wp-json\/wp\/v2\/comments?post=7"}],"version-history":[{"count":3,"href":"https:\/\/ce-abrest.ligiergroup.com\/index.php\/wp-json\/wp\/v2\/pages\/7\/revisions"}],"predecessor-version":[{"id":740,"href":"https:\/\/ce-abrest.ligiergroup.com\/index.php\/wp-json\/wp\/v2\/pages\/7\/revisions\/740"}],"wp:attachment":[{"href":"https:\/\/ce-abrest.ligiergroup.com\/index.php\/wp-json\/wp\/v2\/media?parent=7"}],"curies":[{"name":"wp","href":"https:\/\/api.w.org\/{rel}","templated":true}]}}